ten thousands digit of 9766484?
6
What is the hundred thousands digit of 14753965?
7
What is the tens digit of 3004258?
5
What is the hundreds digit of 131229?
2
What is the millions digit of 12033241?
2
What is the tens digit of 2530464?
6
What is the units digit of 810745?
5
What is the hundreds digit of 14926836?
8
What is the units digit of 282592?
2
What is the thousands digit of 85602?
5
What is the tens digit of 309440?
4
What is the hundreds digit of 500946?
9
What is the thousands digit of 1144840?
4
What is the ten thousands digit of 14626288?
2
What is the hundreds digit of 447796?
7
What is the hundreds digit of 563869?
8
What is the hundred thousands digit of 2313973?
3
What is the millions digit of 7512422?
7
What is the units digit of 6640677?
7
What is the tens digit of 1109849?
4
What is the hundreds digit of 1891304?
3
What is the millions digit of 2268163?
2
What is the thousands digit of 441540?
1
What is the thousands digit of 71527?
1
What is the hundreds digit of 55597?
5
What is the thousands digit of 5393639?
3
What is the ten thousands digit of 477854?
7
What is the tens digit of 10607720?
2
What is the thousands digit of 457444?
7
What is the units digit of 66835?
5
What is the hundreds digit of 6847558?
5
What is the hundreds digit of 1763553?
5
What is the hundred thousands digit of 218505?
2
What is the thousands digit of 14950141?
0
What is the tens digit of 149809?
0
What is the ten thousands digit of 56366?
5
What is the tens digit of 3188513?
1
What is the ten millions digit of 11666216?
1
What is the units digit of 595268?
8
What is the hundred thousands digit of 1652439?
6
What is the thousands digit of 8118949?
8
What is the thousands digit of 951103?
1
What is the tens digit of 168751?
5
What is the hundreds digit of 787014?
0
What is the ten thousands digit of 4404179?
0
What is the hundreds digit of 299979?
9
What is the units digit of 413296?
6
What is the hundreds digit of 11927690?
6
What is the units digit of 4621882?
2
What is the hundred thousands digit of 17158125?
1
What is the ten thousands digit of 88591?
8
What is the thousands digit of 1594971?
4
What is the hundred thousands digit of 545120?
5
What is the ten thousands digit of 103722?
0
What is the units digit of 385272?
2
What is the millions digit of 30896855?
0
What is the hundreds digit of 11460698?
6
What is the hundred thousands digit of 3955390?
9
What is the millions digit of 9569825?
9
What is the thousands digit of 8339661?
9
What is the hundreds digit of 2440206?
2
What is the thousands digit of 268144?
8
What is the thousands digit of 493928?
3
What is the hundreds digit of 139393?
3
What is the ten thousands digit of 2610604?
1
What is the hundred thousands digit of 1221966?
2
What is the tens digit of 588684?
8
What is the units digit of 82989?
9
What is the ten thousands digit of 3974737?
7
What is the thousands digit of 18632600?
2
What is the tens digit of 11819460?
6
What is the units digit of 2154379?
9
What is the ten thousands digit of 239627?
3
What is the hundreds digit of 26686?
6
What is the ten millions digit of 23525644?
2
What is the ten thousands digit of 877798?
7
What is the thousands digit of 23975?
3
What is the ten thousands digit of 857934?
5
What is the ten thousands digit of 3559401?
5
What is the hundred thousands digit of 8627788?
6
What is the hundreds digit of 1236193?
1
What is the hundred thousands digit of 1545150?
5
What is the thousands digit of 3956656?
6
What is the units digit of 6392068?
8
What is the thousands digit of 240231?
0
What is the hundred thousands digit of 1285921?
2
What is the units digit of 268580?
0
What is the hundreds digit of 15744380?
3
What is the tens digit of 3390734?
3
What is the ten thousands digit of 1367764?
6
What is the thousands digit of 2166299?
6
What is the units digit of 8023?
3
What is the thousands digit of 4000762?
0
What is the thousands digit of 98556?
8
What is the thousands digit of 933447?
3
What is the millions digit of 2841503?
2
What is the hundreds digit of 22929727?
7
What is the ten millions digit of 16868251?
1
What is the units digit of 37684?
4
What is the hundred thousands digit of 269919?
2
What is the hundreds digit of 290960?
9
What is the tens digit of 28703?
0
What is the thousands digit of 889241?
9
What is the ten thousands digit of 47534?
4
What is the thousands digit of 629444?
9
What is the ten thousands digit of 5696594?
9
What is the hundreds digit of 6407645?
6
What is the hundreds digit of 259397?
3
What is the hundreds digit of 7199?
1
What is the tens digit of 29029261?
6
What is the units digit of 570035?
5
What is the thousands digit of 485287?
5
What is the thousands digit of 496783?
6
What is the hundred thousands digit of 2673286?
6
What is the hundreds digit of 28221463?
4
What is the tens digit of 777370?
7
What is the ten thousands digit of 15227?
1
What is the hundreds digit of 9592686?
6
What is the hundreds digit of 384769?
7
What is the units digit of 8319060?
0
What is the millions digit of 2936484?
2
What is the units digit of 5772880?
0
What is the units digit of 23342?
2
What is the hundreds digit of 295936?
9
What is the hundred thousands digit of 954557?
9
What is the hundreds digit of 1855763?
7
What is the ten thousands digit of 6282577?
8
What is the units digit of 8379713?
3
What is the thousands digit of 5325522?
5
What is the thousands digit of 8409643?
9
What is the tens digit of 321218?
1
What is the ten thousands digit of 912785?
1
What is the units digit of 58948?
8
What is the hundred thousands digit of 253809?
2
What is the units digit of 73500?
0
What is the hundreds digit of 43922706?
7
What is the millions digit of 1562435?
1
What is the ten thousands digit of 875057?
7
What is the units digit of 10611577?
7
What is the tens digit of 7959341?
4
What is the tens digit of 62244?
4
What is the hundred thousands digit of 164386?
1
What is the millions digit of 5068247?
5
What is the ten thousands digit of 285091?
8
What is the hundreds digit of 2876843?
8
What is the hundred thousands digit of 356211?
3
What is the ten thousands digit of 1931564?
3
What is the hundreds digit of 333995?
9
What is the tens digit of 616423?
2
What is the units digit of 850201?
1
What is the ten thousands digit of 18651766?
5
What is the thousands digit of 832488?
2
What is the hundreds digit of 581824?
8
What is the ten thousands digit of 70665?
7
What is the tens digit of 73386?
8
What is the thousands digit of 4354709?
4
What is the hundreds digit of 7497023?
0
What is the thousands digit of 2935604?
5
What is the thousands digit of 4382786?
2
What is the tens digit of 916735?
3
What is the ten millions digit of 10752388?
1
What is the units digit of 1145910?
0
What is the units digit of 621697?
7
What is the thousands digit of 62097?
2
What is the tens digit of 375292?
9
What is the ten thousands digit of 197426?
9
What is the millions digit of 6171724?
6
What is the ten millions digit of 10723167?
1
What is the tens digit of 135926?
2
What is the hundreds digit of 285962?
9
What is the hundreds digit of 556922?
9
What is the hundred thousands digit of 2532296?
5
What is the hundreds digit of 5189961?
9
What is the thousands digit of 224234?
4
What is the hundreds digit of 811557?
5
What is the thousands digit of 778113?
8
What is the units digit of 35651?
1
What is the ten thousands digit of 1377693?
7
What is the units digit of 48426?
6
What is the millions digit of 4447120?
4
What is the hundred thousands digit of 786751?
7
What is the hundreds digit of 1340359?
3
What is the thousands digit of 1296525?
6
What is the thousands digit of 95852?
5
What is the hundred thousands digit of 355052?
3
What is the tens digit of 744002?
0
What is the thousands digit of 28982?
8
What is the hundred thousands digit of 1842494?
8
What is the thousands digit of 221346?
1
What is the hundreds digit of 397987?
9
What is the ten thousands digit of 327396?
2
What is the ten thousands digit of 114269?
1
What is the millions digit of 1243090?
1
What is the units digit of 10078566?
6
What is the tens digit of 260897?
9
What is the ten thousands digit of 3753210?
5
What is the units digit of 3357883?
3
What is the tens digit o